302?
282
Suppose -4*j + 8*j = z - 25, 0 = -4*z + 2*j + 44. What is the remainder when 205 is divided by z?
7
Let x = 57 + -42. Suppose i - 30 = 2*i. Let u = 101 + i. Calculate the remainder when u is divided by x.
11
Suppose 3*c - 12 = -c. Suppose 0 = -4*t - 2*s - 42, -c*t - 38 - 4 = -2*s. Calculate the remainder when (6/t - 4)*-14 is divided by 22.
19
Suppose 41 = 5*p - 4*c - 136, 5*p = -4*c + 153. Suppose 5*h = n - 82 - 8, -360 = -5*n - 5*h. Calculate the remainder when n is divided by p.
9
Let p be 2*(-9)/12*-182. Suppose -98 + p = 7*y. Calculate the remainder when 122 is divided by y.
22
Let s(p) be the first derivative of -p**4/4 + 38*p**3/3 - p**2/2 + 40*p - 7. What is the remainder when 27 is divided by s(38)?
1
Let p be (-3760)/(-7) + 3/(-21). Suppose -530*t - 3892 = -p*t. Calculate the remainder when t is divided by 93.
91
Suppose 3*r + 15 = 3, 8*q - r = 652. What is the remainder when 1075 is divided by q?
22
Let p be ((-6 - -7) + -1)*1. Suppose p = 4*n - 12, 2*y - 153 = -3*n + 4*n. Calculate the remainder when y is divided by 68.
10
Suppose 69*b + 84*b - 1071 = 0. Suppose 4*w - r - 37 = 0, 24 = 4*w - w + 3*r. What is the remainder when w is divided by b?
2
Let n be (-30478)/70 + (-6)/10. Let y = n + 1400. Calculate the remainder when y is divided by 69.
67
Let v(a) = -52*a + 539. Calculate the remainder when 2443 is divided by v(7).
168
Suppose -6*k - 2*k + 320 = 0. Suppose 7*q - 2*q - 4*z = 147, 23 = q - 4*z. What is the remainder when q is divided by 36/(-30)*k/(-6)?
7
Let n be ((-13 - -5) + 52)*(-27)/(-12). Calculate the remainder when 184 is divided by 208/36 + 22/n.
4
Let p(d) = 384*d**3 - 3*d**2 + 4*d - 2. Let g be 18/16 + 2*(-2)/32. Calculate the remainder when p(g) is divided by 64.
63
Let j = 292 - 474. Let d = j + 201. What is the remainder when 129 is divided by d?
15
Suppose 18373 = 427*b - 408*b. What is the remainder when b is divided by 196?
183
Suppose -3986 = 5*y - 4*p, -4 = 7*p - 3*p. Let c = y - -809. Calculate the remainder when 901 is divided by c.
10
Let i be 142/(-16)*-18 + (-6)/(-24). Let l = -70 + i. Let d = -80 + l. Calculate the remainder when 17 is divided by d.
7
Suppose 2*d + 0*d = 3*t + 703, -4*d = -5*t - 1405. Suppose 28*j - 3*j = d. What is the remainder when 118 is divided by j?
6
Suppose -4*p + p + 51 = 0. Suppose 6*a - 26130 = -4*a. Suppose -a = -21*j - 18*j. Calculate the remainder when j is divided by p.
16
Suppose 26 = f - 2*w - 88, 3*w - 256 = -2*f. Let p = f - -17. What is the remainder when p is divided by 72?
67
Suppose -7*b + 2*b + 885 = 0. Calculate the remainder when b is divided by (260/(-30) + 7)/(((-130)/372)/13).
53
Suppose 0 = -2*r - 5*s - 10, 0 = -2*r - s + 6. Suppose 4*l + 5*w - 46 = 0, l + 4*w + 28 = r*l. Let d = 52 + -19. Calculate the remainder when d is divided by l.
6
Let c(h) = -9*h - 5. Suppose 265 - 343 = -3*r. What is the remainder when c(-9) is divided by r?
24
Suppose -5*g - 120 = -5*w, 0 = -0*w - 2*w + 5*g + 60. Let x(v) = 7*v + 2. Calculate the remainder when (-17 + w)*68/3 is divided by x(3).
22
What is the remainder when -94*(0 - (3 + -2)) is divided by 267066/6660 + 1/(-10)?
14
Let g be ((-75)/2)/(6/(-8)). Let j = -133 + 139. Suppose -g = -j*x + 88. Calculate the remainder when 66 is divided by x.
20
Let v(f) = -f**3 + 12*f**2 + f + 8. Suppose -3*t - 7*n + 33 = -10*n, 0 = 2*t - n - 19. What is the remainder when v(12) is divided by t?
4
Let m(h) = h**2 - 6*h + 7. Let x be m(8). Let b(l) = l**3 - 16*l**2 + 14*l + 8. Let o be b(15). Let d = o + x. Calculate the remainder when 45 is divided by d.
13
Suppose 4*b - 352 = -l + 4*l, 3*b - 2*l = 263. What is the remainder when 122 is divided by b?
37
Let f(y) = -10 - 5*y + 0 + 7*y - 3*y. Let x be f(-12). Suppose -6*g + g - 2*t = -199, 35 = g + x*t. Calculate the remainder when 79 is divided by g.
38
Let n(p) = 15*p**3 - 16*p**2 + 30*p - 7. What is the remainder when 7737 is divided by n(2)?
107
Suppose -18 = 11*d - 14*d. Suppose 7*c - 15 - d = 0. Suppose -47 = -v - 4*a, 3*v - 4*a - 154 = -c*a. Calculate the remainder when v is divided by 20.
11
Suppose -4*z - 5*k = -37, -27*z = -28*z + k + 7. Calculate the remainder when 1015 is divided by z.
7
Let i = -211 - -200. Calculate the remainder when 216 is divided by (-8 - i) + 36 + -2.
31
Let q(p) = p**2 - 15*p - 1. Let v(l) = -l + 15. Let h be v(15). Suppose h = 2*x - 8, -3*x = -4*g - 2*x + 60. Calculate the remainder when 27 is divided by q(g).
12
Let q be (-24)/16*16/6. Let j be 0 - -61 - (16/(-4))/q. Suppose h - 5*h - j = -4*x, x - 9 = -5*h. What is the remainder when x is divided by 13?
1
Let k(b) = 13*b**2 - 4*b + 8. Let r be k(4). Suppose 0*w = 4*w + r. Let t = 72 + w. What is the remainder when 87 is divided by t?
21
Let j = 79 + -82. Calculate the remainder when ((-36)/42)/((j/(-70))/(-3)) is divided by 32.
28
Let z = 1316 - 757. Calculate the remainder when z is divided by 38.
27
Let o = -4544 + 4596. What is the remainder when 307 is divided by o?
47
Let c = -249 - -276. Suppose -c = -12*n + 69. What is the remainder when 0*(-1 - -2) - -46 is divided by n?
6
Let d(t) = 47*t + 53. What is the remainder when d(12) is divided by 63?
50
Suppose 0 = -3*d + 46 + 50. Let g be (-5 - -30) + -5 + 1. Suppose -4 = -4*k, 2*r - 24*k + g*k = 121. Calculate the remainder when r is divided by d.
30
What is the remainder when 3479 is divided by ((-9)/52 + -5*6/390)*-172?
39
Let a(v) = -2*v + 0*v + 2 + 5. Calculate the remainder when 33 is divided by a(-8).
10
Let l = -7337 - -7349. Suppose 0 - 4 = -4*b, 2*d = -2*b + 142. Calculate the remainder when d is divided by l.
10
Let h = 958 + -953. Calculate the remainder when 54 is divided by 650/52*(-1)/(h/(-4)).
4
Suppose 2*x + 2*x - 32 = 0. Let u(i) = 29*i**2 + 5*i - 7. Suppose 20*m - 41 = -21*m. Calculate the remainder when u(m) is divided by x.
3
Let t = -7102 - -7190. Calculate the remainder when 174 is divided by t.
86
Let p(j) = -8*j - 44. Let q(y) = 1. Let w(d) = -p(d) + 6*q(d). What is the remainder when 5 is divided by w(-6)?
1
Let a(j) = -6*j**2 - 2*j + 4. Let o be a(2). Let x = -16 - o. Let i(p) = 10*p - 21. What is the remainder when i(x) is divided by 15?
14
Suppose 2*p - 4*p = -10. Let l(f) = 11*f + 4. Let x(m) = 3*m**3 - 424*m - 1219. Calculate the remainder when l(p) is divided by x(-10).
17
Suppose -2*x - 5*n = -5*x + 12, 2*x = -n + 8. Suppose -x = 4*b, j - 2*j + 2*b + 167 = 0. Calculate the remainder when j is divided by 6.
3
Suppose 3*r - 893 = 262. Let l(h) = -46*h - 681. Let p be l(-15). Suppose p*k - 164 = r. Calculate the remainder when k is divided by 13.
9
Suppose 2*i - 7*c = -4*c + 15, c = -i + 15. Suppose -12 - i = 4*u. Calculate the remainder when 28 is divided by (-20)/((-4)/u*-3).
8
Let l = 10441 + -10386. What is the remainder when 97 is divided by l?
42
Suppose 16*b - 1624 = -40*b. What is the remainder when 342 is divided by b?
23
Suppose 0 = -48*k + 1134 + 1554. Calculate the remainder when 301 is divided by k.
21
Suppose -5*z + 698 = -g - 9103, 3*z = -4*g + 5853. Calculate the remainder when z is divided by 140.
139
Let y(i) = i**2 + 11*i + 11. Let q(u) = -7*u**2 + 3*u. Let n be q(-1). Let j be y(n). Calculate the remainder when 50 is divided by (0 - (-12 + j)) + 0.
6
Calculate the remainder when (-69736)/(-276) + (-2)/3 is divided by 11.
10
Let h(v) = 41*v**3 + 2*v**2 - 8*v + 1. Let y be h(2). Suppose -12*u + 279 = -y. Calculate the remainder when u is divided by 30.
20
Calculate the remainder when 153 is divided by (-10)/(-30)*229/7 + (-184)/(-1932).
10
Let x = -28 - -4. Let m = x + 63. What is the remainder when 51 is divided by m?
12
Let f(a) = 5 - a + 0 + a**2 + 0*a**2. Let t(j) = j**2 - 1058*j + 35903. What is the remainder when t(35) is divided by f(5)?
23
Let k(y) = -8*y - 74. Let o be k(-6). Let s = 33 + o. What is the remainder when 145 is divided by s?
5
Suppose s - 20 + 10 = -5*k, -3*k + 2*s = -6. Let f = -8 - -12. What is the remainder when (f/3)/k*2328/16 is divided by 10?
7
Suppose 1385*k - 1384*k = -4*s + 2447, -4*s + 2429 = 3*k. Calculate the remainder when s is divided by 64.
38
Suppose 0 = -h - 2*f + 5*f + 19, 29 = 3*h + 5*f. Suppose -h*s + 15*s - 118 = -3*a, -a = 2*s - 118. Calculate the remainder when s is divided by 16.
11
Let i = 21 - 22. Let q = i - -12. Suppose q + 23 = 2*o. 